{"id":8,"date":"2024-05-03T19:08:32","date_gmt":"2024-05-03T17:08:32","guid":{"rendered":"http:\/\/localhost\/ecole_valansart\/?page_id=8"},"modified":"2024-05-20T12:44:57","modified_gmt":"2024-05-20T10:44:57","slug":"a-propos-de","status":"publish","type":"page","link":"https:\/\/ecole-de-valansart.be\/index.php\/a-propos-de\/","title":{"rendered":"Nos atouts"},"content":{"rendered":"\n<p><strong>Une \u00e9cole dynamique et ouverte \u00e0 la nature et \u00e0 l&rsquo;innovation<\/strong><\/p>\n\n\n\n<div class=\"wp-block-media-text is-stacked-on-mobile\"><figure class=\"wp-block-media-text__media\"><img loading=\"lazy\" decoding=\"async\" width=\"1024\" height=\"756\" src=\"https:\/\/ecole-de-valansart.be\/wp-content\/uploads\/2024\/05\/enfants_ruisseau-1024x756.jpg\" alt=\"\" class=\"wp-image-76 size-full\" srcset=\"https:\/\/ecole-de-valansart.be\/wp-content\/uploads\/2024\/05\/enfants_ruisseau-1024x756.jpg 1024w, https:\/\/ecole-de-valansart.be\/wp-content\/uploads\/2024\/05\/enfants_ruisseau-300x222.jpg 300w, https:\/\/ecole-de-valansart.be\/wp-content\/uploads\/2024\/05\/enfants_ruisseau-768x567.jpg 768w, https:\/\/ecole-de-valansart.be\/wp-content\/uploads\/2024\/05\/enfants_ruisseau-1536x1134.jpg 1536w, https:\/\/ecole-de-valansart.be\/wp-content\/uploads\/2024\/05\/enfants_ruisseau-2048x1512.jpg 2048w\" sizes=\"(max-width: 706px) 89vw, (max-width: 767px) 82vw, 740px\" \/><\/figure><div class=\"wp-block-media-text__content\">\n<p><strong>Une \u00e9quipe p\u00e9dagogique  dynamique et exp\u00e9riment\u00e9e<\/strong><\/p>\n\n\n\n<p>Notre \u00e9quipe est form\u00e9e \u00e0 l&rsquo;enseignement en classes flexibles et \u00e0 la p\u00e9dagogie des classes du dehors. Nous encourageons l&rsquo;apprentissage par la d\u00e9couverte et l&rsquo;exp\u00e9rimentation, en lien direct avec la nature.<\/p>\n<\/div><\/div>\n\n\n\n<div class=\"wp-block-media-text has-media-on-the-right is-stacked-on-mobile\"><div class=\"wp-block-media-text__content\">\n<p><strong>Une \u00e9cole connect\u00e9e<\/strong><\/p>\n\n\n\n<p>Notre \u00e9cole est connect\u00e9e ! Nous utilisons TBI, Chromebooks et tablettes pour faciliter l&rsquo;apprentissage, le travail en classe et l&rsquo;acc\u00e8s \u00e0 l&rsquo;information.<\/p>\n<\/div><figure class=\"wp-block-media-text__media\"><img loading=\"lazy\" decoding=\"async\" width=\"768\" height=\"1024\" src=\"https:\/\/ecole-de-valansart.be\/wp-content\/uploads\/2024\/05\/enfant_tbi-768x1024.jpg\" alt=\"\" class=\"wp-image-116 size-full\" srcset=\"https:\/\/ecole-de-valansart.be\/wp-content\/uploads\/2024\/05\/enfant_tbi-768x1024.jpg 768w, https:\/\/ecole-de-valansart.be\/wp-content\/uploads\/2024\/05\/enfant_tbi-225x300.jpg 225w, https:\/\/ecole-de-valansart.be\/wp-content\/uploads\/2024\/05\/enfant_tbi-1152x1536.jpg 1152w, https:\/\/ecole-de-valansart.be\/wp-content\/uploads\/2024\/05\/enfant_tbi.jpg 1500w\" sizes=\"(max-width: 706px) 89vw, (max-width: 767px) 82vw, 740px\" \/><\/figure><\/div>\n\n\n\n<div class=\"wp-block-media-text is-stacked-on-mobile\"><figure class=\"wp-block-media-text__media\"><img loading=\"lazy\" decoding=\"async\" width=\"1024\" height=\"846\" src=\"https:\/\/ecole-de-valansart.be\/wp-content\/uploads\/2024\/05\/clara-1-e1714999648332-1024x846.jpg\" alt=\"\" class=\"wp-image-121 size-full\" srcset=\"https:\/\/ecole-de-valansart.be\/wp-content\/uploads\/2024\/05\/clara-1-e1714999648332-1024x846.jpg 1024w, https:\/\/ecole-de-valansart.be\/wp-content\/uploads\/2024\/05\/clara-1-e1714999648332-300x248.jpg 300w, https:\/\/ecole-de-valansart.be\/wp-content\/uploads\/2024\/05\/clara-1-e1714999648332-768x634.jpg 768w, https:\/\/ecole-de-valansart.be\/wp-content\/uploads\/2024\/05\/clara-1-e1714999648332.jpg 1092w\" sizes=\"(max-width: 706px) 89vw, (max-width: 767px) 82vw, 740px\" \/><\/figure><div class=\"wp-block-media-text__content\">\n<p><strong>Des p\u00e9dagogies innovantes<\/strong><\/p>\n\n\n\n<p>Nous sommes ouverts aux nouvelles p\u00e9dagogies et pratiquons une \u00e9valuation formative et sommative pour suivre les progr\u00e8s de chaque \u00e9l\u00e8ve.<\/p>\n<\/div><\/div>\n\n\n\n<div class=\"wp-block-media-text has-media-on-the-right is-stacked-on-mobile\"><div class=\"wp-block-media-text__content\">\n<p><strong>Des partenariats enrichissants<\/strong><\/p>\n\n\n\n<p>Nous travaillons en collaboration avec de nombreux partenaires locaux, tels que la biblioth\u00e8que de Jamoigne, le centre culturel de Chiny-Florenville, la Maison des Jeunes de Florenville, les Cr\u00e9ateliers, le complexe sportif de Jamoigne, le Crier d&rsquo;Anlier et le centre de D\u00e9paysement de Marbehan.<\/p>\n<\/div><figure class=\"wp-block-media-text__media\"><img loading=\"lazy\" decoding=\"async\" width=\"1024\" height=\"768\" src=\"https:\/\/ecole-de-valansart.be\/wp-content\/uploads\/2024\/05\/b_jamoigne-1024x768.jpg\" alt=\"\" class=\"wp-image-117 size-full\" srcset=\"https:\/\/ecole-de-valansart.be\/wp-content\/uploads\/2024\/05\/b_jamoigne-1024x768.jpg 1024w, https:\/\/ecole-de-valansart.be\/wp-content\/uploads\/2024\/05\/b_jamoigne-300x225.jpg 300w, https:\/\/ecole-de-valansart.be\/wp-content\/uploads\/2024\/05\/b_jamoigne-768x576.jpg 768w, https:\/\/ecole-de-valansart.be\/wp-content\/uploads\/2024\/05\/b_jamoigne.jpg 1200w\" sizes=\"(max-width: 706px) 89vw, (max-width: 767px) 82vw, 740px\" \/><\/figure><\/div>\n\n\n\n<div class=\"wp-block-media-text is-stacked-on-mobile\"><figure class=\"wp-block-media-text__media\"><img loading=\"lazy\" decoding=\"async\" width=\"1024\" height=\"768\" src=\"https:\/\/ecole-de-valansart.be\/wp-content\/uploads\/2024\/05\/entete2-1024x768.jpg\" alt=\"\" class=\"wp-image-32 size-full\" srcset=\"https:\/\/ecole-de-valansart.be\/wp-content\/uploads\/2024\/05\/entete2-1024x768.jpg 1024w, https:\/\/ecole-de-valansart.be\/wp-content\/uploads\/2024\/05\/entete2-300x225.jpg 300w, https:\/\/ecole-de-valansart.be\/wp-content\/uploads\/2024\/05\/entete2-768x576.jpg 768w, https:\/\/ecole-de-valansart.be\/wp-content\/uploads\/2024\/05\/entete2-1536x1152.jpg 1536w, https:\/\/ecole-de-valansart.be\/wp-content\/uploads\/2024\/05\/entete2-2048x1536.jpg 2048w\" sizes=\"(max-width: 706px) 89vw, (max-width: 767px) 82vw, 740px\" \/><\/figure><div class=\"wp-block-media-text__content\">\n<p><strong>Un climat scolaire bienveillant<\/strong><\/p>\n\n\n\n<p>Notre \u00e9cole est bas\u00e9e sur le respect de soi et des autres. Nous cr\u00e9ons un climat scolaire bienveillant o\u00f9 chaque \u00e9l\u00e8ve peut s&rsquo;\u00e9panouir.<\/p>\n<\/div><\/div>\n\n\n\n<div class=\"wp-block-media-text has-media-on-the-right is-stacked-on-mobile\"><div class=\"wp-block-media-text__content\">\n<p><strong>Des sorties p\u00e9dagogiques enrichissantes<\/strong><\/p>\n\n\n\n<p>Nous organisons plusieurs sorties p\u00e9dagogiques par an pour permettre aux \u00e9l\u00e8ves de d\u00e9couvrir le monde qui les entoure et de vivre des exp\u00e9riences enrichissantes.<\/p>\n<\/div><figure class=\"wp-block-media-text__media\"><img loading=\"lazy\" decoding=\"async\" width=\"640\" height=\"480\" src=\"https:\/\/ecole-de-valansart.be\/wp-content\/uploads\/2024\/05\/DSC01532.jpg\" alt=\"\" class=\"wp-image-88 size-full\" srcset=\"https:\/\/ecole-de-valansart.be\/wp-content\/uploads\/2024\/05\/DSC01532.jpg 640w, https:\/\/ecole-de-valansart.be\/wp-content\/uploads\/2024\/05\/DSC01532-300x225.jpg 300w\" sizes=\"(max-width: 640px) 100vw, 640px\" \/><\/figure><\/div>\n\n\n\n<div class=\"wp-block-media-text is-stacked-on-mobile\"><figure class=\"wp-block-media-text__media\"><img loading=\"lazy\" decoding=\"async\" width=\"1024\" height=\"737\" src=\"https:\/\/ecole-de-valansart.be\/wp-content\/uploads\/2024\/05\/cropped-bricolage_ensemble-scaled-1-1024x737.jpg\" alt=\"\" class=\"wp-image-111 size-full\" srcset=\"https:\/\/ecole-de-valansart.be\/wp-content\/uploads\/2024\/05\/cropped-bricolage_ensemble-scaled-1-1024x737.jpg 1024w, https:\/\/ecole-de-valansart.be\/wp-content\/uploads\/2024\/05\/cropped-bricolage_ensemble-scaled-1-300x216.jpg 300w, https:\/\/ecole-de-valansart.be\/wp-content\/uploads\/2024\/05\/cropped-bricolage_ensemble-scaled-1-768x553.jpg 768w, https:\/\/ecole-de-valansart.be\/wp-content\/uploads\/2024\/05\/cropped-bricolage_ensemble-scaled-1-1536x1106.jpg 1536w, https:\/\/ecole-de-valansart.be\/wp-content\/uploads\/2024\/05\/cropped-bricolage_ensemble-scaled-1.jpg 2000w\" sizes=\"(max-width: 706px) 89vw, (max-width: 767px) 82vw, 740px\" \/><\/figure><div class=\"wp-block-media-text__content\">\n<p><strong>Un accueil extra-scolaire dynamique et cr\u00e9atif<\/strong><\/p>\n\n\n\n<p>Ouvert de 7h00 \u00e0 8h15 et de 16h \u00e0 18h00 (le mercredi de 11h45 \u00e0 12h45)<\/p>\n<\/div><\/div>\n","protected":false},"excerpt":{"rendered":"<p>Une \u00e9cole dynamique et ouverte \u00e0 la nature et \u00e0 l&rsquo;innovation Une \u00e9quipe p\u00e9dagogique dynamique et exp\u00e9riment\u00e9e Notre \u00e9quipe est form\u00e9e \u00e0 l&rsquo;enseignement en classes flexibles et \u00e0 la p\u00e9dagogie des classes du dehors. Nous encourageons l&rsquo;apprentissage par la d\u00e9couverte et l&rsquo;exp\u00e9rimentation, en lien direct avec la nature. Une \u00e9cole connect\u00e9e Notre \u00e9cole est connect\u00e9e &hellip; <\/p>\n<p class=\"link-more\"><a href=\"https:\/\/ecole-de-valansart.be\/index.php\/a-propos-de\/\" class=\"more-link\">Continuer la lecture<span class=\"screen-reader-text\"> de &laquo;&nbsp;Nos atouts&nbsp;&raquo;<\/span><\/a><\/p>\n","protected":false},"author":1,"featured_media":83,"parent":0,"menu_order":0,"comment_status":"closed","ping_status":"closed","template":"","meta":{"footnotes":""},"_links":{"self":[{"href":"https:\/\/ecole-de-valansart.be\/index.php\/wp-json\/wp\/v2\/pages\/8"}],"collection":[{"href":"https:\/\/ecole-de-valansart.be\/index.php\/wp-json\/wp\/v2\/pages"}],"about":[{"href":"https:\/\/ecole-de-valansart.be\/index.php\/wp-json\/wp\/v2\/types\/page"}],"author":[{"embeddable":true,"href":"https:\/\/ecole-de-valansart.be\/index.php\/wp-json\/wp\/v2\/users\/1"}],"replies":[{"embeddable":true,"href":"https:\/\/ecole-de-valansart.be\/index.php\/wp-json\/wp\/v2\/comments?post=8"}],"version-history":[{"count":14,"href":"https:\/\/ecole-de-valansart.be\/index.php\/wp-json\/wp\/v2\/pages\/8\/revisions"}],"predecessor-version":[{"id":222,"href":"https:\/\/ecole-de-valansart.be\/index.php\/wp-json\/wp\/v2\/pages\/8\/revisions\/222"}],"wp:featuredmedia":[{"embeddable":true,"href":"https:\/\/ecole-de-valansart.be\/index.php\/wp-json\/wp\/v2\/media\/83"}],"wp:attachment":[{"href":"https:\/\/ecole-de-valansart.be\/index.php\/wp-json\/wp\/v2\/media?parent=8"}],"curies":[{"name":"wp","href":"https:\/\/api.w.org\/{rel}","templated":true}]}}

<p><strong>Une école dynamique et ouverte à la nature et à l&rsquo;innovation</strong></p>



<div class="wp-block-media-text is-stacked-on-mobile"><figure class="wp-block-media-text__media"><img loading="lazy" decoding="async" width="1024" height="756" src="https://ecole-de-valansart.be/wp-content/uploads/2024/05/enfants_ruisseau-1024x756.jpg" alt="" class="wp-image-76 size-full" srcset="https://ecole-de-valansart.be/wp-content/uploads/2024/05/enfants_ruisseau-1024x756.jpg 1024w, https://ecole-de-valansart.be/wp-content/uploads/2024/05/enfants_ruisseau-300x222.jpg 300w, https://ecole-de-valansart.be/wp-content/uploads/2024/05/enfants_ruisseau-768x567.jpg 768w, https://ecole-de-valansart.be/wp-content/uploads/2024/05/enfants_ruisseau-1536x1134.jpg 1536w, https://ecole-de-valansart.be/wp-content/uploads/2024/05/enfants_ruisseau-2048x1512.jpg 2048w" sizes="(max-width: 706px) 89vw, (max-width: 767px) 82vw, 740px" /></figure><div class="wp-block-media-text__content">
<p><strong>Une équipe pédagogique  dynamique et expérimentée</strong></p>



<p>Notre équipe est formée à l&rsquo;enseignement en classes flexibles et à la pédagogie des classes du dehors. Nous encourageons l&rsquo;apprentissage par la découverte et l&rsquo;expérimentation, en lien direct avec la nature.</p>
</div></div>



<div class="wp-block-media-text has-media-on-the-right is-stacked-on-mobile"><div class="wp-block-media-text__content">
<p><strong>Une école connectée</strong></p>



<p>Notre école est connectée ! Nous utilisons TBI, Chromebooks et tablettes pour faciliter l&rsquo;apprentissage, le travail en classe et l&rsquo;accès à l&rsquo;information.</p>
</div><figure class="wp-block-media-text__media"><img loading="lazy" decoding="async" width="768" height="1024" src="https://ecole-de-valansart.be/wp-content/uploads/2024/05/enfant_tbi-768x1024.jpg" alt="" class="wp-image-116 size-full" srcset="https://ecole-de-valansart.be/wp-content/uploads/2024/05/enfant_tbi-768x1024.jpg 768w, https://ecole-de-valansart.be/wp-content/uploads/2024/05/enfant_tbi-225x300.jpg 225w, https://ecole-de-valansart.be/wp-content/uploads/2024/05/enfant_tbi-1152x1536.jpg 1152w, https://ecole-de-valansart.be/wp-content/uploads/2024/05/enfant_tbi.jpg 1500w" sizes="(max-width: 706px) 89vw, (max-width: 767px) 82vw, 740px" /></figure></div>



<div class="wp-block-media-text is-stacked-on-mobile"><figure class="wp-block-media-text__media"><img loading="lazy" decoding="async" width="1024" height="846" src="https://ecole-de-valansart.be/wp-content/uploads/2024/05/clara-1-e1714999648332-1024x846.jpg" alt="" class="wp-image-121 size-full" srcset="https://ecole-de-valansart.be/wp-content/uploads/2024/05/clara-1-e1714999648332-1024x846.jpg 1024w, https://ecole-de-valansart.be/wp-content/uploads/2024/05/clara-1-e1714999648332-300x248.jpg 300w, https://ecole-de-valansart.be/wp-content/uploads/2024/05/clara-1-e1714999648332-768x634.jpg 768w, https://ecole-de-valansart.be/wp-content/uploads/2024/05/clara-1-e1714999648332.jpg 1092w" sizes="(max-width: 706px) 89vw, (max-width: 767px) 82vw, 740px" /></figure><div class="wp-block-media-text__content">
<p><strong>Des pédagogies innovantes</strong></p>



<p>Nous sommes ouverts aux nouvelles pédagogies et pratiquons une évaluation formative et sommative pour suivre les progrès de chaque élève.</p>
</div></div>



<div class="wp-block-media-text has-media-on-the-right is-stacked-on-mobile"><div class="wp-block-media-text__content">
<p><strong>Des partenariats enrichissants</strong></p>



<p>Nous travaillons en collaboration avec de nombreux partenaires locaux, tels que la bibliothèque de Jamoigne, le centre culturel de Chiny-Florenville, la Maison des Jeunes de Florenville, les Créateliers, le complexe sportif de Jamoigne, le Crier d&rsquo;Anlier et le centre de Dépaysement de Marbehan.</p>
</div><figure class="wp-block-media-text__media"><img loading="lazy" decoding="async" width="1024" height="768" src="https://ecole-de-valansart.be/wp-content/uploads/2024/05/b_jamoigne-1024x768.jpg" alt="" class="wp-image-117 size-full" srcset="https://ecole-de-valansart.be/wp-content/uploads/2024/05/b_jamoigne-1024x768.jpg 1024w, https://ecole-de-valansart.be/wp-content/uploads/2024/05/b_jamoigne-300x225.jpg 300w, https://ecole-de-valansart.be/wp-content/uploads/2024/05/b_jamoigne-768x576.jpg 768w, https://ecole-de-valansart.be/wp-content/uploads/2024/05/b_jamoigne.jpg 1200w" sizes="(max-width: 706px) 89vw, (max-width: 767px) 82vw, 740px" /></figure></div>



<div class="wp-block-media-text is-stacked-on-mobile"><figure class="wp-block-media-text__media"><img loading="lazy" decoding="async" width="1024" height="768" src="https://ecole-de-valansart.be/wp-content/uploads/2024/05/entete2-1024x768.jpg" alt="" class="wp-image-32 size-full" srcset="https://ecole-de-valansart.be/wp-content/uploads/2024/05/entete2-1024x768.jpg 1024w, https://ecole-de-valansart.be/wp-content/uploads/2024/05/entete2-300x225.jpg 300w, https://ecole-de-valansart.be/wp-content/uploads/2024/05/entete2-768x576.jpg 768w, https://ecole-de-valansart.be/wp-content/uploads/2024/05/entete2-1536x1152.jpg 1536w, https://ecole-de-valansart.be/wp-content/uploads/2024/05/entete2-2048x1536.jpg 2048w" sizes="(max-width: 706px) 89vw, (max-width: 767px) 82vw, 740px" /></figure><div class="wp-block-media-text__content">
<p><strong>Un climat scolaire bienveillant</strong></p>



<p>Notre école est basée sur le respect de soi et des autres. Nous créons un climat scolaire bienveillant où chaque élève peut s&rsquo;épanouir.</p>
</div></div>



<div class="wp-block-media-text has-media-on-the-right is-stacked-on-mobile"><div class="wp-block-media-text__content">
<p><strong>Des sorties pédagogiques enrichissantes</strong></p>



<p>Nous organisons plusieurs sorties pédagogiques par an pour permettre aux élèves de découvrir le monde qui les entoure et de vivre des expériences enrichissantes.</p>
</div><figure class="wp-block-media-text__media"><img loading="lazy" decoding="async" width="640" height="480" src="https://ecole-de-valansart.be/wp-content/uploads/2024/05/DSC01532.jpg" alt="" class="wp-image-88 size-full" srcset="https://ecole-de-valansart.be/wp-content/uploads/2024/05/DSC01532.jpg 640w, https://ecole-de-valansart.be/wp-content/uploads/2024/05/DSC01532-300x225.jpg 300w" sizes="(max-width: 640px) 100vw, 640px" /></figure></div>



<div class="wp-block-media-text is-stacked-on-mobile"><figure class="wp-block-media-text__media"><img loading="lazy" decoding="async" width="1024" height="737" src="https://ecole-de-valansart.be/wp-content/uploads/2024/05/cropped-bricolage_ensemble-scaled-1-1024x737.jpg" alt="" class="wp-image-111 size-full" srcset="https://ecole-de-valansart.be/wp-content/uploads/2024/05/cropped-bricolage_ensemble-scaled-1-1024x737.jpg 1024w, https://ecole-de-valansart.be/wp-content/uploads/2024/05/cropped-bricolage_ensemble-scaled-1-300x216.jpg 300w, https://ecole-de-valansart.be/wp-content/uploads/2024/05/cropped-bricolage_ensemble-scaled-1-768x553.jpg 768w, https://ecole-de-valansart.be/wp-content/uploads/2024/05/cropped-bricolage_ensemble-scaled-1-1536x1106.jpg 1536w, https://ecole-de-valansart.be/wp-content/uploads/2024/05/cropped-bricolage_ensemble-scaled-1.jpg 2000w" sizes="(max-width: 706px) 89vw, (max-width: 767px) 82vw, 740px" /></figure><div class="wp-block-media-text__content">
<p><strong>Un accueil extra-scolaire dynamique et créatif</strong></p>



<p>Ouvert de 7h00 à 8h15 et de 16h à 18h00 (le mercredi de 11h45 à 12h45)</p>
</div></div>

<p>Une école dynamique et ouverte à la nature et à l&rsquo;innovation Une équipe pédagogique dynamique et expérimentée Notre équipe est formée à l&rsquo;enseignement en classes flexibles et à la pédagogie des classes du dehors. Nous encourageons l&rsquo;apprentissage par la découverte et l&rsquo;expérimentation, en lien direct avec la nature. Une école connectée Notre école est connectée &hellip; </p>
<p class="link-more"><a href="https://ecole-de-valansart.be/index.php/a-propos-de/" class="more-link">Continuer la lecture<span class="screen-reader-text"> de &laquo;&nbsp;Nos atouts&nbsp;&raquo;</span></a></p>
